?
9
What is the hundreds digit of 8007981?
9
What is the tens digit of 5143764?
6
What is the millions digit of 1406515419?
6
What is the ten thousands digit of 467452131?
5
What is the units digit of 34505760?
0
What is the ten thousands digit of 124708747?
0
What is the ten millions digit of 556744424?
5
What is the units digit of 125313063?
3
What is the ten millions digit of 34289843?
3
What is the hundred thousands digit of 2945014?
9
What is the thousands digit of 137721102?
1
What is the hundreds digit of 19042713?
7
What is the thousands digit of 81379597?
9
What is the billions digit of 2498328277?
2
What is the thousands digit of 410991647?
1
What is the ten millions digit of 477271866?
7
What is the tens digit of 86935762?
6
What is the ten millions digit of 41217280?
4
What is the hundreds digit of 44761264?
2
What is the tens digit of 3753318872?
7
What is the hundreds digit of 334648934?
9
What is the millions digit of 55670660?
5
What is the ten thousands digit of 2042201976?
0
What is the ten thousands digit of 55910499?
1
What is the millions digit of 1912965625?
2
What is the ten millions digit of 157081226?
5
What is the tens digit of 23161304?
0
What is the hundreds digit of 3616561?
5
What is the hundred thousands digit of 52727335?
7
What is the tens digit of 333834866?
6
What is the tens digit of 512907557?
5
What is the hundreds digit of 71984860?
8
What is the units digit of 81435864?
4
What is the hundred thousands digit of 1145427044?
4
What is the thousands digit of 92105674?
5
What is the millions digit of 71643616?
1
What is the ten millions digit of 64926226?
6
What is the units digit of 28405085?
5
What is the hundred thousands digit of 11504009?
5
What is the ten thousands digit of 118668623?
6
What is the ten millions digit of 799733410?
9
What is the units digit of 131867020?
0
What is the millions digit of 4928121?
4
What is the ten thousands digit of 38598840?
9
What is the millions digit of 4973776626?
3
What is the ten millions digit of 81321062?
8
What is the units digit of 160078782?
2
What is the thousands digit of 44657740?
7
What is the hundreds digit of 18278970?
9
What is the hundred thousands digit of 43193846?
1
What is the hundreds digit of 282103458?
4
What is the ten millions digit of 1740007036?
4
What is the millions digit of 74191232?
4
What is the millions digit of 71816002?
1
What is the units digit of 15189559?
9
What is the billions digit of 4856979293?
4
What is the thousands digit of 286422?
6
What is the ten millions digit of 1008990387?
0
What is the thousands digit of 486949171?
9
What is the thousands digit of 7975586?
5
What is the hundred thousands digit of 3315817065?
8
What is the ten thousands digit of 23192617?
9
What is the ten thousands digit of 43654887?
5
What is the hundred thousands digit of 368367614?
3
What is the hundred thousands digit of 3862490?
8
What is the millions digit of 820174676?
0
What is the ten thousands digit of 956739116?
3
What is the tens digit of 784526959?
5
What is the tens digit of 1609566703?
0
What is the units digit of 33994525?
5
What is the units digit of 1857622177?
7
What is the tens digit of 27165426?
2
What is the hundred millions digit of 3002665460?
0
What is the tens digit of 60250123?
2
What is the ten millions digit of 3017125241?
1
What is the hundreds digit of 82997369?
3
What is the hundred thousands digit of 1837879597?
8
What is the hundred thousands digit of 14368916?
3
What is the ten thousands digit of 2406754722?
5
What is the ten thousands digit of 147742?
4
What is the ten thousands digit of 46224785?
2
What is the hundreds digit of 238883945?
9
What is the tens digit of 289611249?
4
What is the ten millions digit of 1107539014?
0
What is the hundreds digit of 427037741?
7
What is the ten millions digit of 129621179?
2
What is the hundred thousands digit of 1346053708?
0
What is the billions digit of 1804886801?
1
What is the ten thousands digit of 19578188?
7
What is the hundred thousands digit of 35227990?
2
What is the hundreds digit of 65138203?
2
What is the hundreds digit of 3603419825?
8
What is the ten thousands digit of 19751279?
5
What is the billions digit of 1137175622?
1
What is the hundred thousands digit of 119788510?
7
What is the billions digit of 2511865114?
2
What is the ten millions digit of 34849155?
3
What is the billions digit of 3907354489?
3
What is the ten millions digit of 2805111163?
0
What is the thousands digit of 623807219?
7
What is the thousands digit of 29951197?
1
What is the thousands digit of 310090952?
0
What is the hundred thousands digit of 1983686744?
6
What is the thousands digit of 24262621?
2
What is the thousands digit of 157423417?
3
What is the hundred thousands digit of 138600772?
6
What is the units digit of 120194606?
6
What is the thousands digit of 362963961?
3
What is the tens digit of 146007956?
5
What is the ten thousands digit of 2648362033?
6
What is the millions digit of 1386551088?
6
What is the millions digit of 213406557?
3
What is the ten millions digit of 181319788?
8
What is the billions digit of 4311612995?
4
What is the hundreds digit of 476715427?
4
What is the billions digit of 6222140965?
6
What is the thousands digit of 1108317593?
7
What is the thousands digit of 1590883184?
3
What is the units digit of 604926031?
1
What is the ten thousands digit of 81373346?
7
What is the ten millions digit of 76212291?
7
What is the hundred thousands digit of 31533419?
5
What is the thousands digit of 39744586?
4
What is the ten thousands digit of 1714494287?
9
What is the ten millions digit of 852154886?
5
What is the units digit of 122366656?
6
What is the ten thousands digit of 12618860?
1
What is the billions digit of 1014813780?
1
What is the ten millions digit of 538248582?
3
What is the hundreds digit of 122159544?
5
What is the tens digit of 1830196292?
9
What is the hundreds digit of 75779190?
1
What is the hundred thousands digit of 25969802?
9
What is the hundred millions digit of 197422372?
1
What is the thousands digit of 552427?
2
What is the millions digit of 871354485?
1
What is the hundred millions digit of 837475480?
8
What is the billions digit of 1061142977?
1
What is the ten millions digit of 334555952?
3
What is the units digit of 88348124?
4
What is the thousands digit of 76904146?
4
What is the ten millions digit of 83227579?
8
What is the ten millions digit of 54432442?
5
What is the ten thousands digit of 238372025?
7
What is the hundred thousands digit of 218417541?
4
What is the ten thousands digit of 37123130?
2
What is the millions digit of 37681453?
7
What is the hundred thousands digit of 19381768?
3
What is the millions digit of 396134249?
6
What is the units digit of 309808221?
1
What is the units digit of 8750277?
7
What is the thousands digit of 421373?
1
What is the hundreds digit of 173739705?
7
What is the thousands digit of 163565227?
5
What is the hundreds digit of 4892006310?
3
What is the ten thousands digit of 171115386?
1
What is the ten millions digit of 31460753?
3
What is the hundreds digit of 118756531?
5
What is the hundred millions digit of 368916718?
3
What is the units digit of 310863536?
6
What is the ten millions digit of 1354605965?
5
What is the tens digit of 693270395?
9
What is the hundred millions digit of 3079637307?
0
What is the hundreds digit of 347215487?
4
What is the units digit of 9575246?
6
What is the ten thousands digit of 287201611?
0
What is the hundred millions digit of 941696129?
9
What is the ten millions digit of 109797494?
0
What is the tens digit of 4042636509?
0
What is the hundred thousands digit of 2512235248?
2
What is the ten thousands digit of 15224011?
2
What is the hundred thousands digit of 1913047571?
0
What is the ten thousands digit of 2324354575?
5
What is the tens digit of 1952164431?
3
What is the billions digit of 3827839634?
3
What is the tens digit of 617868420?
2
What is the units digit of 97594140?
0
What is the units digit of 174265307?
7
What is the hundred millions digit of 634804071?
6
What is the ten thousands digit of 427679016?
7
What is the thousands digit of 5547894228?
4
What is the ten thousands digit of 13020154?
2
What is the ten millions digit of 2